eatest common divisor of 614 and 2416847062?
614
Calculate the greatest common factor of 5650722 and 1863.
81
Calculate the greatest common divisor of 300496 and 14304.
16
Calculate the greatest common divisor of 207663 and 3.
3
Calculate the highest common divisor of 867922746 and 1962.
654
What is the greatest common divisor of 230381 and 30866492?
2281
What is the highest common factor of 62432 and 1356?
4
What is the greatest common divisor of 16902 and 113913?
27
Calculate the greatest common divisor of 336 and 58425864.
168
Calculate the highest common factor of 40124484 and 23895.
4779
What is the greatest common divisor of 3836318 and 24896?
778
Calculate the greatest common factor of 333710 and 7930.
130
What is the highest common divisor of 8478 and 482076?
18
What is the highest common divisor of 142979 and 152?
1
What is the highest common divisor of 1958480343 and 1746?
873
Calculate the greatest common factor of 2750 and 174229.
11
What is the highest common divisor of 672502086 and 18?
18
Calculate the highest common factor of 8400 and 125.
25
What is the highest common divisor of 463248 and 1499122?
6434
What is the greatest common divisor of 12341803 and 778?
389
Calculate the highest common factor of 2681424 and 481464.
648
Calculate the greatest common divisor of 280 and 168736.
8
Calculate the greatest common divisor of 1569548 and 51371.
1093
What is the highest common divisor of 11660 and 1296910?
530
Calculate the highest common divisor of 428 and 490452.
4
Calculate the highest common divisor of 4969121 and 136793.
1537
Calculate the highest common divisor of 12420034 and 1045.
209
Calculate the highest common factor of 6808 and 100936.
296
Calculate the greatest common factor of 49 and 36315076.
49
Calculate the highest common factor of 8932 and 10241.
77
Calculate the highest common divisor of 16021254 and 12.
6
Calculate the highest common factor of 376394184 and 12.
12
What is the greatest common divisor of 1067430400 and 5696?
5696
What is the greatest common divisor of 1379 and 4357246?
197
Calculate the highest common factor of 2011004 and 2498206.
10366
Calculate the greatest common factor of 788403 and 572.
11
Calculate the highest common divisor of 897 and 27162655.
299
Calculate the greatest common factor of 130146 and 3999104.
398
What is the highest common factor of 31682168 and 5215?
1043
Calculate the highest common factor of 20235 and 22108335.
1065
What is the greatest common factor of 446 and 1519248602?
446
Calculate the greatest common divisor of 319196 and 14360636.
796
What is the greatest common divisor of 260857528 and 1459?
1459
Calculate the highest common factor of 3433083 and 548.
137
What is the highest common divisor of 10786898 and 2685?
179
Calculate the highest common factor of 4435 and 21.
1
What is the highest common divisor of 1917 and 2403563?
71
Calculate the greatest common divisor of 294870 and 8130.
30
Calculate the highest common divisor of 21284 and 154156.
68
Calculate the highest common factor of 44212 and 25592.
28
Calculate the highest common factor of 1396 and 294776.
4
Calculate the greatest common factor of 301106 and 269806.
626
Calculate the greatest common factor of 18 and 251566671.
3
What is the highest common factor of 43319579 and 5872?
367
What is the highest common factor of 3177545 and 2765?
35
What is the highest common divisor of 2891 and 147049?
49
Calculate the highest common factor of 289037 and 934150.
1099
Calculate the greatest common divisor of 23479181 and 99.
11
What is the greatest common divisor of 37332 and 9851500?
4148
Calculate the greatest common divisor of 680 and 731834105.
85
What is the highest common factor of 35 and 15322615?
35
Calculate the highest common factor of 172418568 and 72.
24
Calculate the greatest common divisor of 46134745 and 185.
185
What is the highest common factor of 774 and 180858?
258
Calculate the highest common factor of 872 and 231730403.
109
Calculate the greatest common factor of 105876 and 1189202.
346
What is the highest common factor of 574 and 379526?
14
What is the highest common divisor of 1565738070 and 156?
78
Calculate the highest common factor of 272874 and 46725.
1869
Calculate the greatest common divisor of 2694 and 1056070450.
898
What is the greatest common divisor of 344064 and 47534592?
10752
Calculate the highest common divisor of 897 and 167183484.
39
What is the highest common divisor of 4804970 and 50?
10
Calculate the greatest common factor of 1186816 and 2736.
304
What is the highest common divisor of 2328 and 1464603?
291
What is the highest common divisor of 14204 and 683276?
212
Calculate the greatest common divisor of 67833250 and 250.
250
Calculate the greatest common factor of 455351662 and 292.
146
What is the greatest common factor of 1206 and 42307686?
1206
What is the highest common divisor of 758953 and 42028?
79
What is the highest common factor of 64 and 6117776?
16
What is the highest common factor of 16770 and 1848054?
3354
Calculate the highest common divisor of 369076717 and 6418.
3209
What is the highest common factor of 16038601 and 921?
307
Calculate the highest common divisor of 900 and 2629140.
60
What is the highest common divisor of 29 and 4502071?
1
Calculate the highest common factor of 62016685 and 20.
5
What is the greatest common divisor of 313992 and 20328?
168
What is the greatest common factor of 19186847 and 233333?
661
What is the greatest common divisor of 7423555 and 193149?
1951
What is the greatest common divisor of 1088000 and 1570500?
500
Calculate the highest common divisor of 10291 and 260789.
251
What is the greatest common divisor of 9896392 and 66?
22
Calculate the greatest common divisor of 52832 and 71181214.
3302
Calculate the highest common divisor of 7240527 and 2045.
409
Calculate the greatest common divisor of 119045 and 130210.
145
Calculate the greatest common divisor of 20 and 34714300.
20
Calculate the greatest common divisor of 20 and 166219148.
4
Calculate the highest common factor of 39549069 and 63.
63
What is the greatest common factor of 183 and 23863017?
183
Calculate the greatest common divisor of 161505 and 3434895.
1665
Calculate the greatest common divisor of 8746707 and 95323.
3287
What is the highest common factor of 5461 and 905537?
43
What is the highest common factor of 45999460 and 39?
13
Calculate the highest common divisor of 97362 and 275258.
1202
What is the highest common factor of 110090773 and 13?
13
Calculate the highest common factor of 7881373 and 1.
1
What is the greatest common divisor of 175454 and 2146?
74
Calculate the highest common factor of 276360487 and 65.
13
What is the greatest common factor of 1113 and 164936?
53
Calculate the greatest common factor of 27524823 and 5757.
303
What is the greatest common divisor of 53878 and 523776?
682
What is the greatest common factor of 43279 and 68557?
383
What is the greatest common factor of 31712752 and 4964?
68
Calculate the greatest common factor of 36030715 and 7553.
581
Calculate the greatest common divisor of 2267154 and 69071.
4063
What is the highest common divisor of 151 and 382840417?
151
What is the greatest common divisor of 4525 and 5162120?
905
What is the greatest common factor of 125583767 and 554?
277
Calculate the highest common divisor of 24931872 and 32.
32
What is the greatest common factor of 360547 and 73073?
803
What is the greatest common factor of 26 and 82514770?
26
What is the greatest common factor of 42 and 42865809?
21
What is the highest common factor of 1031266 and 9348860?
9638
Calculate the greatest common factor of 616 and 598696.
56
Calculate the greatest common divisor of 33522944 and 304.
16
Calculate the highest common divisor of 936187 and 26600.
133
Calculate the greatest common factor of 62790 and 145590.
690
What is the highest common factor of 16853830 and 140?
70
What is the greatest common factor of 1299675810 and 1230?
1230
Calculate the greatest common divisor of 28 and 23798684.
28
Calculate the greatest common divisor of 135307 and 500609.
269
What is the greatest common divisor of 49305850 and 11550?
550
Calculate the highest common factor of 2058 and 27282.
6
Calculate the greatest common factor of 94